{"id":39,"date":"2024-06-14T14:26:47","date_gmt":"2024-06-14T12:26:47","guid":{"rendered":"http:\/\/axeloudet.ovh\/?page_id=39"},"modified":"2025-04-28T09:29:13","modified_gmt":"2025-04-28T07:29:13","slug":"profil","status":"publish","type":"page","link":"https:\/\/axeloudet.ovh\/index.php\/profil\/","title":{"rendered":"Profil"},"content":{"rendered":"\t\t<div data-elementor-type=\"wp-page\" data-elementor-id=\"39\" class=\"elementor elementor-39\">\n\t\t\t\t<div class=\"elementor-element elementor-element-42330a3 e-flex e-con-boxed e-con e-parent\" data-id=\"42330a3\" data-element_type=\"container\" data-e-type=\"container\">\n\t\t\t\t\t<div class=\"e-con-inner\">\n\t\t\t\t<div class=\"elementor-element elementor-element-c06e1d1 elementor-widget elementor-widget-heading\" data-id=\"c06e1d1\" data-element_type=\"widget\" data-e-type=\"widget\" data-widget_type=\"heading.default\">\n\t\t\t\t<div class=\"elementor-widget-container\">\n\t\t\t\t\t<h2 class=\"elementor-heading-title elementor-size-default\">A propos de moi<\/h2>\t\t\t\t<\/div>\n\t\t\t\t<\/div>\n\t\t\t\t\t<\/div>\n\t\t\t\t<\/div>\n\t\t<div class=\"elementor-element elementor-element-f2cbfce e-flex e-con-boxed e-con e-parent\" data-id=\"f2cbfce\" data-element_type=\"container\" data-e-type=\"container\">\n\t\t\t\t\t<div class=\"e-con-inner\">\n\t\t\t\t<div class=\"elementor-element elementor-element-c93ea3f elementor-widget elementor-widget-text-editor\" data-id=\"c93ea3f\" data-element_type=\"widget\" data-e-type=\"widget\" data-widget_type=\"text-editor.default\">\n\t\t\t\t<div class=\"elementor-widget-container\">\n\t\t\t\t\t\t\t\t\t<p>Je m&#8217;appelle Axel Oudet, j&#8217;ai 20 ans je suis \u00e9tudiant au Campus H3 de Poissy je suis en premi\u00e8re ann\u00e9e de BTS SIO &#8220;sp\u00e9cialit\u00e9 SISR&#8221; Services Informatiques aux Organisations sp\u00e9cialit\u00e9 en Solutions d&#8217;Infrastructure, Syst\u00e8mes et R\u00e9seaux. J&#8217;ai auparavant effectuer un Baccalaur\u00e9at professionnel syst\u00e8me num\u00e9rique dans lequel j&#8217;ai d\u00e9cider de poursuivre en BTS.<\/p><p>Experience Professionnelles<\/p><p><span style=\"font-size: 14px; text-align: var(--text-align);\">J&#8217;ai l&#8217;opportunit\u00e9 de travailler en tant que technicien informatique bureautique au sein de la collectivit\u00e9 de Cachan, o\u00f9 mon r\u00f4le consiste \u00e0 assurer la maintenance et le bon fonctionnement des syst\u00e8mes informatiques de bureau. Je suis responsable de la gestion des postes de travail, de l&#8217;installation et de la configuration des logiciels bureautiques, ainsi que du support technique pour les utilisateurs. Mon travail inclut \u00e9galement la r\u00e9solution des probl\u00e8mes li\u00e9s aux p\u00e9riph\u00e9riques, la mise \u00e0 jour des logiciels et la gestion des comptes utilisateurs. En collaboration avec les autres services, je contribue \u00e0 optimiser l&#8217;efficacit\u00e9 des outils informatiques, garantissant ainsi une infrastructure bureautique fiable et performante pour l&#8217;ensemble des employ\u00e9s et des services municipaux.<\/span><\/p>\t\t\t\t\t\t\t\t<\/div>\n\t\t\t\t<\/div>\n\t\t\t\t\t<\/div>\n\t\t\t\t<\/div>\n\t\t<div class=\"elementor-element elementor-element-5343d09 e-flex e-con-boxed e-con e-parent\" data-id=\"5343d09\" data-element_type=\"container\" data-e-type=\"container\">\n\t\t\t\t\t<div class=\"e-con-inner\">\n\t\t\t\t<div class=\"elementor-element elementor-element-1005884 elementor-widget elementor-widget-text-editor\" data-id=\"1005884\" data-element_type=\"widget\" data-e-type=\"widget\" data-widget_type=\"text-editor.default\">\n\t\t\t\t<div class=\"elementor-widget-container\">\n\t\t\t\t\t\t\t\t\t<p>Pendant ce BTS j&#8217;ai aussi eu l&#8217;opportunit\u00e9 de r\u00e9aliser le formation sec num acad\u00e9mi<\/p>\t\t\t\t\t\t\t\t<\/div>\n\t\t\t\t<\/div>\n\t\t\t\t<div class=\"elementor-element elementor-element-198416e elementor-widget__width-initial elementor-widget elementor-widget-button\" data-id=\"198416e\" data-element_type=\"widget\" data-e-type=\"widget\" data-widget_type=\"button.default\">\n\t\t\t\t<div class=\"elementor-widget-container\">\n\t\t\t\t\t\t\t\t\t<div class=\"elementor-button-wrapper\">\n\t\t\t\t\t<a class=\"elementor-button elementor-button-link elementor-size-sm\" href=\"http:\/\/axeloudet.ovh\/wp-content\/uploads\/2025\/04\/secnumaccademi.pdf\">\n\t\t\t\t\t\t<span class=\"elementor-button-content-wrapper\">\n\t\t\t\t\t\t\t\t\t<span class=\"elementor-button-text\">Cliquez ici<\/span>\n\t\t\t\t\t<\/span>\n\t\t\t\t\t<\/a>\n\t\t\t\t<\/div>\n\t\t\t\t\t\t\t\t<\/div>\n\t\t\t\t<\/div>\n\t\t\t\t\t<\/div>\n\t\t\t\t<\/div>\n\t\t<div class=\"elementor-element elementor-element-88fc1e7 e-flex e-con-boxed e-con e-parent\" data-id=\"88fc1e7\" data-element_type=\"container\" data-e-type=\"container\">\n\t\t\t\t\t<div class=\"e-con-inner\">\n\t\t\t\t<div class=\"elementor-element elementor-element-3d7efaa elementor-widget elementor-widget-spacer\" data-id=\"3d7efaa\" data-element_type=\"widget\" data-e-type=\"widget\" data-widget_type=\"spacer.default\">\n\t\t\t\t<div class=\"elementor-widget-container\">\n\t\t\t\t\t\t\t<div class=\"elementor-spacer\">\n\t\t\t<div class=\"elementor-spacer-inner\"><\/div>\n\t\t<\/div>\n\t\t\t\t\t\t<\/div>\n\t\t\t\t<\/div>\n\t\t\t\t\t<\/div>\n\t\t\t\t<\/div>\n\t\t<div class=\"elementor-element elementor-element-031335a e-flex e-con-boxed e-con e-parent\" data-id=\"031335a\" data-element_type=\"container\" data-e-type=\"container\">\n\t\t\t\t\t<div class=\"e-con-inner\">\n\t\t\t\t\t<\/div>\n\t\t\t\t<\/div>\n\t\t\t\t<\/div>\n\t\t","protected":false},"excerpt":{"rendered":"<p>A propos de moi Je m&#8217;appelle Axel Oudet, j&#8217;ai 20 ans je suis \u00e9tudiant au Campus H3 de Poissy je suis en premi\u00e8re ann\u00e9e de BTS SIO &#8220;sp\u00e9cialit\u00e9 SISR&#8221; Services Informatiques aux Organisations sp\u00e9cialit\u00e9 en Solutions d&#8217;Infrastructure, Syst\u00e8mes et R\u00e9seaux. J&#8217;ai auparavant effectuer un Baccalaur\u00e9at professionnel syst\u00e8me num\u00e9rique dans lequel j&#8217;ai d\u00e9cider de poursuivre en [&hellip;]<\/p>\n","protected":false},"author":1,"featured_media":0,"parent":0,"menu_order":0,"comment_status":"closed","ping_status":"closed","template":"","meta":{"_eb_attr":"","ocean_post_layout":"","ocean_both_sidebars_style":"","ocean_both_sidebars_content_width":0,"ocean_both_sidebars_sidebars_width":0,"ocean_sidebar":"","ocean_second_sidebar":"","ocean_disable_margins":"enable","ocean_add_body_class":"","ocean_shortcode_before_top_bar":"","ocean_shortcode_after_top_bar":"","ocean_shortcode_before_header":"","ocean_shortcode_after_header":"","ocean_has_shortcode":"","ocean_shortcode_after_title":"","ocean_shortcode_before_footer_widgets":"","ocean_shortcode_after_footer_widgets":"","ocean_shortcode_before_footer_bottom":"","ocean_shortcode_after_footer_bottom":"","ocean_display_top_bar":"default","ocean_display_header":"default","ocean_header_style":"","ocean_center_header_left_menu":"","ocean_custom_header_template":"","ocean_custom_logo":0,"ocean_custom_retina_logo":0,"ocean_custom_logo_max_width":0,"ocean_custom_logo_tablet_max_width":0,"ocean_custom_logo_mobile_max_width":0,"ocean_custom_logo_max_height":0,"ocean_custom_logo_tablet_max_height":0,"ocean_custom_logo_mobile_max_height":0,"ocean_header_custom_menu":"","ocean_menu_typo_font_family":"","ocean_menu_typo_font_subset":"","ocean_menu_typo_font_size":0,"ocean_menu_typo_font_size_tablet":0,"ocean_menu_typo_font_size_mobile":0,"ocean_menu_typo_font_size_unit":"px","ocean_menu_typo_font_weight":"","ocean_menu_typo_font_weight_tablet":"","ocean_menu_typo_font_weight_mobile":"","ocean_menu_typo_transform":"","ocean_menu_typo_transform_tablet":"","ocean_menu_typo_transform_mobile":"","ocean_menu_typo_line_height":0,"ocean_menu_typo_line_height_tablet":0,"ocean_menu_typo_line_height_mobile":0,"ocean_menu_typo_line_height_unit":"","ocean_menu_typo_spacing":0,"ocean_menu_typo_spacing_tablet":0,"ocean_menu_typo_spacing_mobile":0,"ocean_menu_typo_spacing_unit":"","ocean_menu_link_color":"","ocean_menu_link_color_hover":"","ocean_menu_link_color_active":"","ocean_menu_link_background":"","ocean_menu_link_hover_background":"","ocean_menu_link_active_background":"","ocean_menu_social_links_bg":"","ocean_menu_social_hover_links_bg":"","ocean_menu_social_links_color":"","ocean_menu_social_hover_links_color":"","ocean_disable_title":"default","ocean_disable_heading":"default","ocean_post_title":"","ocean_post_subheading":"","ocean_post_title_style":"","ocean_post_title_background_color":"","ocean_post_title_background":0,"ocean_post_title_bg_image_position":"","ocean_post_title_bg_image_attachment":"","ocean_post_title_bg_image_repeat":"","ocean_post_title_bg_image_size":"","ocean_post_title_height":0,"ocean_post_title_bg_overlay":0.5,"ocean_post_title_bg_overlay_color":"","ocean_disable_breadcrumbs":"default","ocean_breadcrumbs_color":"","ocean_breadcrumbs_separator_color":"","ocean_breadcrumbs_links_color":"","ocean_breadcrumbs_links_hover_color":"","ocean_display_footer_widgets":"default","ocean_display_footer_bottom":"default","ocean_custom_footer_template":"","footnotes":""},"class_list":["post-39","page","type-page","status-publish","hentry","entry"],"_links":{"self":[{"href":"https:\/\/axeloudet.ovh\/index.php\/wp-json\/wp\/v2\/pages\/39","targetHints":{"allow":["GET"]}}],"collection":[{"href":"https:\/\/axeloudet.ovh\/index.php\/wp-json\/wp\/v2\/pages"}],"about":[{"href":"https:\/\/axeloudet.ovh\/index.php\/wp-json\/wp\/v2\/types\/page"}],"author":[{"embeddable":true,"href":"https:\/\/axeloudet.ovh\/index.php\/wp-json\/wp\/v2\/users\/1"}],"replies":[{"embeddable":true,"href":"https:\/\/axeloudet.ovh\/index.php\/wp-json\/wp\/v2\/comments?post=39"}],"version-history":[{"count":28,"href":"https:\/\/axeloudet.ovh\/index.php\/wp-json\/wp\/v2\/pages\/39\/revisions"}],"predecessor-version":[{"id":609,"href":"https:\/\/axeloudet.ovh\/index.php\/wp-json\/wp\/v2\/pages\/39\/revisions\/609"}],"wp:attachment":[{"href":"https:\/\/axeloudet.ovh\/index.php\/wp-json\/wp\/v2\/media?parent=39"}],"curies":[{"name":"wp","href":"https:\/\/api.w.org\/{rel}","templated":true}]}}